et m(w) = 6*g(w) - 5*n(w). What is m(1)?
-1
Let o(v) = 8*v + 12. Let k(h) = 7*h + 11. Let n(m) = -7*k(m) + 6*o(m). Determine n(4).
-9
Let j(d) = -d - 4. Let m be (-1)/6 - 7/(-6). Let z be (m/(-3))/((-1)/(-3)). Let r be 0 + -6 - (z - 0). What is j(r)?
1
Let v be (-8)/(-10)*(-10)/(-4). Let w(a) = v*a - a + 6 + 1. Let f be ((-4 - 0) + 4)/(-1). Give w(f).
7
Let y = 5 + 0. Let u(t) be the second derivative of t**7/840 - t**6/72 + t**5/120 + t**3/6 - 4*t. Let n(v) be the second derivative of u(v). What is n(y)?
5
Suppose 7*x - 2*x = 10. Let u(f) = -2*f**3 - x*f + 1 - f**3 - 4*f**2 + 2*f**3. Give u(-2).
-3
Let z(q) = q + 14. Let x be z(-16). Let t(r) = 4*r - 2. Give t(x).
-10
Let x(w) be the second derivative of w**3/6 - 5*w**2/2 - 3*w. Let y be x(8). Let h(l) = 5 - 3*l**3 + 6*l**y - l - l**2 - 4*l**3. Determine h(0).
5
Let l(r) = 8*r**2 + 1. Let q be (4/(8/2))/1. What is l(q)?
9
Let h be (0 - 1)*(5 + (-3)/3). Let a(q) = q**3 + 2*q**2 - 3*q + 1. What is a(h)?
-19
Let l(o) = -o**3 - o**2 - o + 1. Let i(h) = -3*h**3 - 2*h + 2. Let v(j) = -i(j) + 2*l(j). Give v(2).
0
Let b(c) = -3*c + 17. Let u be b(4). Let j = -4 - -6. Let z(f) = f**j - 6 + f + u*f + 0*f. Give z(-6).
-6
Let t(w) = w**3 + 7*w**2 + 8*w + 7. Let p = 5 - 11. Let s be t(p). Let f(z) = 6*z - z**3 - 2 - 4*z**2 - 1 + 0*z. Determine f(s).
-8
Let q(h) = -h**2 - 6*h - 1. Let f be -3*-3*88/36. Suppose 27 = m + 11. Suppose 7 - f = 5*g + n, -m = -g - 4*n. What is q(g)?
7
Let l(s) be the first derivative of 4 - s**2 + 5/3*s**3 - 6*s + 1/4*s**4. Calculate l(-5).
4
Let v(w) = w**3 - 4*w**2 - w - 3. Let i(b) = 2*b**3 - 9*b**2 - 2*b - 7. Let y(u) = -2*i(u) + 5*v(u). Let f = 2 - -1. Determine y(f).
5
Let p(x) = 5*x**3 - x + 6. Let r(h) = 11*h**3 - h**2 - h + 12. Let b(n) = -9*p(n) + 4*r(n). What is b(-5)?
-6
Suppose -2*l = -l - 4, m - l - 4 = 0. Let w be (6/m)/1*4. Let y(g) = 0*g - w - g + 2*g - 1. Determine y(5).
1
Let d(c) = -12*c**2 + 1 + 23*c**2 + 8*c - 10*c**2. Determine d(-7).
-6
Suppose 7 = 4*s + 5*m, -2 + 6 = 4*s + 4*m. Let d(h) = -h**2 - 2. What is d(s)?
-6
Suppose 4*o = -n + 12 + 2, 0 = -3*n + 5*o - 9. Let k(m) = m**3 - 13 + 19 - 6*m**2 + 0*m**n + 5*m. Give k(5).
6
Suppose -p - p + 20 = 0. Suppose -d = -3*d + 3*w + 1, -4*d = -2*w + p. Let f(t) = -1 + 0 + t - t**2 - 4*t. Determine f(d).
-5
Let l be -1*-1*(-3 - -4). Let w(t) = -12*t + 1. Calculate w(l).
-11
Let o(i) be the third derivative of -i**6/120 + i**5/60 + i**4/12 + i**3/2 - i**2. Let n be (-30)/(-9)*12/5. Let h = 11 - n. Calculate o(h).
-9
Let j(s) = -3*s + 2*s**2 - 4 + 3 - 3*s**2 + 2. Determine j(3).
-17
Let a(z) = z + 2. Let i be -2*(-3)/(-6) + 3. Let v be (-1)/(-2)*-2 - i. Give a(v).
-1
Suppose 5*g - 15 = 2*g. Suppose -w - 4 = -g. Let p(x) = 3*x. Give p(w).
3
Let o(w) = 2*w**2 - 2. Let q(d) = -d**2 + 2. Let t(n) = 2*o(n) + 3*q(n). Calculate t(2).
6
Let y(f) = -f + 15 - 31 + 15. What is y(-3)?
2
Suppose -3*t = -3*x - 30, -2*x = 2*t - 0*x. Let y(n) = n + 1. Calculate y(t).
6
Let m be 7/2*108/63. Let j(q) = -4*q**2 + 5*q**2 - 7*q + 2 - 1. Determine j(m).
-5
Let h(i) = 2*i - 2. Let n(f) = -f**3 + 5*f**2 - 2. Let l be n(5). Let j = l + -2. Give h(j).
-10
Let p(a) = a**3 + 4*a**2 + a - 4. Let x be p(-3). Let l(h) = -3 + 4*h + h**2 + x + 4. Calculate l(-4).
3
Let j be 2/8*(2 + 2). Let o(f) = -10 + f + 2 + j. What is o(3)?
-4
Let t(b) = b + 2. Let p be (-9)/(-27) - (-10)/6. Calculate t(p).
4
Suppose 4*g + x - 18 = 0, g = -x - 2*x - 1. Let o(y) = -2 - y**3 - g + 1 - 6*y - 6*y**2. Let s(b) = b**3 - 9*b**2 - b + 4. Let t be s(9). Calculate o(t).
-1
Let j(a) be the third derivative of a**5/60 - a**3/3 + a**2. Determine j(-4).
14
Let x(d) = -d**2 - 9*d - 2 - 6*d + 9*d. Let n(f) = -f**3 + 4*f**2 + 4*f - 2. Let w be n(4). Suppose -2 = 4*a + w. Give x(a).
6
Let i(k) be the third derivative of -k**5/60 - 7*k**4/24 + 4*k**3/3 + 9*k**2. Calculate i(-6).
14
Let b = -31 + 19. Let v = -14 - b. Let t(w) = -3*w**3 - 4*w**2 - w + 2. Determine t(v).
12
Let h(i) = -i**3 - i**2 + i. Let f(j) = 11*j**3 + 3*j**2 + 8. Let a(z) = f(z) + 2*h(z). Let y(c) = -5*c**3 - c - 4. Let n(w) = 4*a(w) + 7*y(w). Give n(-4).
0
Suppose -b = -4 - 1. Suppose -p + 24 = 4*p + d, -19 = -3*p + 4*d. Let y(c) = 5*c - 7 + 4 - p - 4*c. Give y(b).
-3
Let y(a) = 259 - 252 + a**2 + 0*a + 6*a. Let m be 9*((-6)/9)/1. Let s = -11 - m. Give y(s).
2
Let d(z) = 3*z**2 - 1. Suppose -2*t = -0*t + 2. Determine d(t).
2
Suppose 12 + 0 = -2*m. Let g = -24 - -33. Let u = m + g. Let x(y) = y - 3. What is x(u)?
0
Let h(k) be the first derivative of k**3/6 - 3*k**2/2 + 7*k + 2. Let z(m) be the first derivative of h(m). What is z(-7)?
-10
Let g(z) be the second derivative of z**4/12 + 5*z**3/6 + z**2 + 18*z. Give g(-4).
-2
Let i be (-2)/(-13) - 240/(-130). Let d(s) = -3*s**2 - 1 + 0*s**2 + 10*s**3 + 2 + 2*s**i - s. Give d(1).
9
Suppose j + 0 - 5 = -a, 0 = 5*j - 4*a + 2. Let c(u) = -2*u + 5*u - j*u. Suppose 76*g + 25 = 71*g. Give c(g).
-5
Let s = 0 + 2. Let m(p) = 2*p + 0*p**2 - 3*p + p**s. Let n be -4 + (-3 - (-27)/3). What is m(n)?
2
Let k(y) = 2 + 1 - 2 + 3 - 2*y. Let u be k(5). Let f(b) = b**2 + 6*b + 5. Calculate f(u).
5
Let c(b) = -b**3 + 8*b**2 - 7*b - 7. Let x be c(7). Let j(l) = l**3 + 7*l**2 + l + 1. Determine j(x).
-6
Let c = 6 + -9. Let v be 1/(c/6) + 6. Suppose -2*q - 4*b + 8 = 0, q + 10 = 4*b - v. Let r(o) = -3*o**2 - 4*o - 2. What is r(q)?
-6
Let y(d) be the first derivative of d**2/2 - 4*d + 2. Suppose 2 = 5*p - 8. Suppose 3*c = -4*b + 17, p*c + 2*c + 4*b = 20. Determine y(c).
-1
Let b = -3 + 7. Let r be 1/3 - b/(-6). Let y(x) = 4*x**3 + x**2 + x - 1. Determine y(r).
5
Let w(p) = p - 1. Let r(g) = -7*g + 1. Let d(n) = -r(n) - 6*w(n). Calculate d(-4).
1
Let i(q) be the second derivative of -q**4/12 - q**3 + 5*q**2/2 + q. Let b(c) = c**2 + 10 + 5 + 10*c + 3*c + 1. Let n be b(-11). What is i(n)?
5
Let i(r) be the second derivative of -r**4/12 + 7*r**3/6 - r. Let f be i(6). Let z(k) = 2*k - 3*k + f*k**2 - 3*k - k**3. Calculate z(5).
5
Let b(x) = x**3 + 7*x**2 + 7*x + 6. Suppose j = 5*j + 24. Give b(j).
0
Suppose -2*u - 13 = 3*g - 4, -6 = 2*g. Suppose 0*h - 15 = -3*h. Let q(t) = -3*t + h*t - 3*t + 7. Determine q(u).
7
Suppose 20 = -2*i + 4*b, i - 1 = 2*i + b. Let c(z) be the third derivative of 1/6*z**4 + 0 + 0*z - 2/3*z**3 - 9*z**2 + 1/60*z**5. Give c(i).
-4
Suppose -5*h - 25 = 0, 2*o - 3*h = -2*o + 27. Suppose -2*q = -2*u + 8, -q + o*u - u - 4 = 0. Let r(a) = 3*a - 5. Calculate r(q).
-17
Let r(l) = 7*l**2 - 1. Let u(g) = 4*g**3 - g**2 + 1. Let c be u(1). Let z = -3 + c. What is r(z)?
6
Let s(h) = -h**3 - 7*h**2 - 6*h - 1. Let t(j) = j**2 - 5*j - 6. Let w be t(5). Let m be 2/(w/15) - 1. What is s(m)?
-1
Let r(n) = 2*n. Let s(v) = -v. Let b(p) = -2*r(p) - 5*s(p). Let i = 1 + -5. Let k = 5 + i. Calculate b(k).
1
Let u(m) = -12 + 21*m + 0*m**2 + 9 + 4*m**2 - 22*m. Calculate u(3).
30
Let t(i) = i**3 + 6*i**2 + 2*i + 5. Let g be t(-6). Let m(y) = -y**2 - 6*y + 8. Give m(g).
1
Suppose l = -0*l - 2. Let u = 3 - l. Let q(o) = 0*o**3 - 3*o**2 + 5*o - 3*o**2 - 7 + o**3. What is q(u)?
-7
Let b = -9 + 17. Suppose -5*x = -b + 3. Let f(u) = u + 3. Let r(q) = 5*q + 16. Let n(s) = 11*f(s) - 2*r(s). Calculate n(x).
2
Let a(r) = -3 + 2 + r**2 - 2*r**2 + 4*r. Let i be (-1)/(-3) + (-11)/(-3). Calculate a(i).
-1
Let o(s) be the second derivative of -s**5/20 - s**3/6 - s**2 + 3*s. Let h be 1/(-5) + (-7)/(-35). What is o(h)?
-2
Let v(q) = -q - 1. Let d(i) = 2*i + 10. Suppose 0*o = 4*o + 32. Let u be d(o). Give v(u).
5
Let x(l) = l - 5. Suppose -4*k + 5 = -2*p - 7, -4*p + 31 = 3*k. Let s(c) = c - 4. Let o(y) = p*x(y) - 5*s(y). Give o(-1).
1
Let j(k) = k**2 - 5*k - 2. Let a be j(5). Let u(b) = 2*b**2 + 13*b - 3. Let g(t) = -6*t + 4 - t**2 - 1 - 1. Let f(n) = a*u(n) - 5*g(n). What is f(-4)?
-4
Let a(k) be the second derivative of -k**4/12 - 5*k**3/6 + 4*k**2 - k. Let w = 53 + -59. What is a(w)?
2
Suppose -v = 4*m - 4, 0 = -2*m - m + 2*v - 8. Suppose 6*q - 3*q + 18 = m. Let p(f) = -f**3 - 6*f**2 - 3. What is p(q)?
-3
Let w(j) = j**3 - j - 1. Let r be (-1 - -3) + 0/1. Suppose 5*m = -r + 12, 3*o - 5*m + 4 = 0. Determine w(o).
5
Let n(k) = 5*k**3 + 10*k**2 + 6*k + 9. Let u(i) = 4*i**3 + 10*i**2 + 5*i + 10. Let p(b) = 3*n(b) - 4*u(b). Determine p(-10).
7
Let d(v) = -v**2 + 4*v + 4. Let j be d(5). Let k(w) = w**2 + w + 1 - w**